{"id":428,"date":"2018-04-19T17:34:17","date_gmt":"2018-04-19T15:34:04","guid":{"rendered":"http:\/\/p443064.webspaceconfig.de\/?page_id=428"},"modified":"2022-03-21T20:01:38","modified_gmt":"2022-03-21T19:01:38","slug":"news","status":"publish","type":"page","link":"https:\/\/kljb-holstein.de\/2022-1\/news\/","title":{"rendered":"News"},"content":{"rendered":"<div class=\"wpv-view-output\" data-toolset-views-view-editor=\"2d475255ad46554af6c6a49f1b5fbbfa\">\n<div class=\"wp-block-toolset-views-view-editor\">\n\n\n<div id=\"wpv-view-layout-29\" class=\"js-wpv-view-layout js-wpv-layout-responsive js-wpv-view-layout-29\" data-viewnumber=\"29\" data-pagination=\"{&quot;id&quot;:&quot;29&quot;,&quot;query&quot;:&quot;normal&quot;,&quot;type&quot;:&quot;disabled&quot;,&quot;effect&quot;:&quot;fade&quot;,&quot;duration&quot;:&quot;500&quot;,&quot;speed&quot;:&quot;5&quot;,&quot;pause_on_hover&quot;:&quot;disabled&quot;,&quot;stop_rollover&quot;:&quot;false&quot;,&quot;cache_pages&quot;:&quot;enabled&quot;,&quot;preload_images&quot;:&quot;enabled&quot;,&quot;preload_pages&quot;:&quot;enabled&quot;,&quot;preload_reach&quot;:&quot;1&quot;,&quot;spinner&quot;:&quot;builtin&quot;,&quot;spinner_image&quot;:&quot;https:\/\/local.kljb\/wp-content\/plugins\/wp-views\/embedded\/res\/img\/ajax-loader.gif&quot;,&quot;callback_next&quot;:&quot;&quot;,&quot;manage_history&quot;:&quot;enabled&quot;,&quot;has_controls_in_form&quot;:&quot;disabled&quot;,&quot;infinite_tolerance&quot;:&quot;0&quot;,&quot;max_pages&quot;:0,&quot;page&quot;:1,&quot;base_permalink&quot;:&quot;\/2022-1\/wp-json\/wp\/v2\/pages\/428?wpv_view_count=29&amp;wpv_paged=WPV_PAGE_NUM&quot;,&quot;loop&quot;:{&quot;type&quot;:&quot;&quot;,&quot;name&quot;:&quot;&quot;,&quot;data&quot;:[],&quot;id&quot;:0}}\" data-permalink=\"\/2022-1\/wp-json\/wp\/v2\/pages\/428?wpv_view_count=29\">\n\n\t\n\t\n  \t<div class=\"news-kacheln-container\">\n      <ul class=\"wpv-loop js-wpv-loop\">\n        \n          <li class=\"news-tile\">\n            <a href=\"https:\/\/kljb-holstein.de\/2022-1\/2024\/12\/06\/jahresplanung-2025-kljb-holstein\/\">\n              <div class=\"image\"><img loading=\"lazy\" decoding=\"async\" width=\"570\" height=\"390\" src=\"https:\/\/kljb-holstein.de\/2022-1\/wp-content\/uploads\/2024\/12\/Jahresplanung-570x390.png\" class=\"attachment-news_teaser size-news_teaser wp-post-image\" alt=\"\" \/><\/div>\n              <div class=\"text\">\n                <div class=\"post-date\">6. Dezember 2024<\/div>\n                <h3>Jahresplanung 2025 &#8211; KLJB Holstein<\/h3>\n                <div class=\"excerpt\"><p>Hey, wir haben die Jahresplanung 2025 auf unserer Website ver\u00f6ffentlicht! Tragt euch schonmal die Termine ein, Anmeldungen und Infos zu &#8230;<\/p>\n<\/div>\n              <\/div>\n            <\/a>\n          <\/li>\n        \n          <li class=\"news-tile\">\n            <a href=\"https:\/\/kljb-holstein.de\/2022-1\/2024\/07\/31\/12072\/\">\n              <div class=\"image\"><img loading=\"lazy\" decoding=\"async\" width=\"570\" height=\"390\" src=\"https:\/\/kljb-holstein.de\/2022-1\/wp-content\/uploads\/2024\/07\/WhatsApp-Image-2024-07-29-at-08.27.52-570x390.jpeg\" class=\"attachment-news_teaser size-news_teaser wp-post-image\" alt=\"\" \/><\/div>\n              <div class=\"text\">\n                <div class=\"post-date\">31. Juli 2024<\/div>\n                <h3><\/h3>\n                <div class=\"excerpt\"><p>Nur noch 2 Tage liegen vor den beiden Zeltlagern. Das Kinderlager in Wieren und das Jugendlager in Einen liefen bisher &#8230;<\/p>\n<\/div>\n              <\/div>\n            <\/a>\n          <\/li>\n        \n          <li class=\"news-tile\">\n            <a href=\"https:\/\/kljb-holstein.de\/2022-1\/2023\/07\/17\/los-geht-das-kinderzeltlager\/\">\n              <div class=\"image\"><img loading=\"lazy\" decoding=\"async\" width=\"570\" height=\"390\" src=\"https:\/\/kljb-holstein.de\/2022-1\/wp-content\/uploads\/2023\/07\/Ankunft_Kila_2023-570x390.jpeg\" class=\"attachment-news_teaser size-news_teaser wp-post-image\" alt=\"\" \/><\/div>\n              <div class=\"text\">\n                <div class=\"post-date\">17. Juli 2023<\/div>\n                <h3>Los geht das Kinderzeltlager!<\/h3>\n                <div class=\"excerpt\"><p>Der Bus ist gut in Wieren angekommen. Nun liegen 2 Wochen Zeltlager bevor. Das Team und die Kinder freuen sich &#8230;<\/p>\n<\/div>\n              <\/div>\n            <\/a>\n          <\/li>\n        \n          <li class=\"news-tile\">\n            <a href=\"https:\/\/kljb-holstein.de\/2022-1\/2023\/06\/23\/vorschau-auf-die-kommenden-veranstaltungen\/\">\n              <div class=\"image\"><img loading=\"lazy\" decoding=\"async\" width=\"570\" height=\"390\" src=\"https:\/\/kljb-holstein.de\/2022-1\/wp-content\/uploads\/2023\/06\/DSC_0016-570x390.png\" class=\"attachment-news_teaser size-news_teaser wp-post-image\" alt=\"\" \/><\/div>\n              <div class=\"text\">\n                <div class=\"post-date\">23. Juni 2023<\/div>\n                <h3>Vorschau auf die kommenden Veranstaltungen:<\/h3>\n                <div class=\"excerpt\"><p>Die Sommerferien u. a. mit den Zeltlagern steht vor der T\u00fcr! \u00dcbern Sommer bieten wir viele Veranstaltungen f\u00fcr euch an. &#8230;<\/p>\n<\/div>\n              <\/div>\n            <\/a>\n          <\/li>\n        \n          <li class=\"news-tile\">\n            <a href=\"https:\/\/kljb-holstein.de\/2022-1\/2023\/01\/23\/anfang-2023\/\">\n              <div class=\"image\"><img loading=\"lazy\" decoding=\"async\" width=\"570\" height=\"390\" src=\"https:\/\/kljb-holstein.de\/2022-1\/wp-content\/uploads\/2022\/11\/IMG-20220730-WA0002-570x390.jpg\" class=\"attachment-news_teaser size-news_teaser wp-post-image\" alt=\"\" \/><\/div>\n              <div class=\"text\">\n                <div class=\"post-date\">23. Januar 2023<\/div>\n                <h3>Anfang 2023<\/h3>\n                <div class=\"excerpt\"><p>Das Jahr 2023 hat f\u00fcr uns mit dem Jugendwochenende vergangenes Wochenende gestartet, wo wir uns mit 12 Teilnehmern zum Thema &#8230;<\/p>\n<\/div>\n              <\/div>\n            <\/a>\n          <\/li>\n        \n          <li class=\"news-tile\">\n            <a href=\"https:\/\/kljb-holstein.de\/2022-1\/2023\/01\/06\/das-juwo-steht-an\/\">\n              <div class=\"image\"><img loading=\"lazy\" decoding=\"async\" width=\"570\" height=\"390\" src=\"https:\/\/kljb-holstein.de\/2022-1\/wp-content\/uploads\/2022\/11\/DSC_0921-570x390.jpg\" class=\"attachment-news_teaser size-news_teaser wp-post-image\" alt=\"\" \/><\/div>\n              <div class=\"text\">\n                <div class=\"post-date\">6. Januar 2023<\/div>\n                <h3>Das JuWo steht an!<\/h3>\n                <div class=\"excerpt\"><p>Es ist mal wieder Zeit f\u00fcr ein Jugendwochenende! Wir fahren mit Jugendlichen ab 14 Jahren nach B\u00fcsum zur Nordsee. Kommt &#8230;<\/p>\n<\/div>\n              <\/div>\n            <\/a>\n          <\/li>\n        \n          <li class=\"news-tile\">\n            <a href=\"https:\/\/kljb-holstein.de\/2022-1\/2023\/01\/04\/die-kljb-holstein-bei-whatsapp\/\">\n              <div class=\"image\"><img loading=\"lazy\" decoding=\"async\" width=\"527\" height=\"390\" src=\"https:\/\/kljb-holstein.de\/2022-1\/wp-content\/uploads\/2023\/01\/Logo-Chat-527x390.png\" class=\"attachment-news_teaser size-news_teaser wp-post-image\" alt=\"\" \/><\/div>\n              <div class=\"text\">\n                <div class=\"post-date\">4. Januar 2023<\/div>\n                <h3>Die KLJB Holstein bei Whatsapp<\/h3>\n                <div class=\"excerpt\"><p>Kommt in unsere Whatsapp-Community! \ud83d\udcf1\ud83d\udce2 https:\/\/chat.whatsapp.com\/HO2lLNyTzsNH3WDuDGDJ5j Wir versprechen euch keine 10.000\u20ac Uhr oder 90.000\u20ac Auto, daf\u00fcr aber noch direktere Informationen &#8230;<\/p>\n<\/div>\n              <\/div>\n            <\/a>\n          <\/li>\n        \n          <li class=\"news-tile\">\n            <a href=\"https:\/\/kljb-holstein.de\/2022-1\/2022\/12\/01\/errinnerung-zur-werkwoche\/\">\n              <div class=\"image\"><img loading=\"lazy\" decoding=\"async\" width=\"570\" height=\"390\" src=\"https:\/\/kljb-holstein.de\/2022-1\/wp-content\/uploads\/2022\/03\/Projekt-Nuetschau-2018_19_Moment-570x390.jpg\" class=\"attachment-news_teaser size-news_teaser wp-post-image\" alt=\"\" \/><\/div>\n              <div class=\"text\">\n                <div class=\"post-date\">1. Dezember 2022<\/div>\n                <h3>Errinnerung zur Werkwoche!<\/h3>\n                <div class=\"excerpt\"><p>Nur noch wenige Tage k\u00f6nnt ihr euch f\u00fcr die Werkwoche anmelden!!! [Download nicht gefunden.] WERKWOCHE \u2013 das hei\u00dft: Besinnliche Tage &#8230;<\/p>\n<\/div>\n              <\/div>\n            <\/a>\n          <\/li>\n        \n          <li class=\"news-tile\">\n            <a href=\"https:\/\/kljb-holstein.de\/2022-1\/2022\/11\/01\/einladung-zur-werkwoche\/\">\n              <div class=\"image\"><img loading=\"lazy\" decoding=\"async\" width=\"570\" height=\"390\" src=\"https:\/\/kljb-holstein.de\/2022-1\/wp-content\/uploads\/2022\/03\/Projekt-Nuetschau-2018_19_Moment-570x390.jpg\" class=\"attachment-news_teaser size-news_teaser wp-post-image\" alt=\"\" \/><\/div>\n              <div class=\"text\">\n                <div class=\"post-date\">1. November 2022<\/div>\n                <h3>Einladung zur Werkwoche!<\/h3>\n                <div class=\"excerpt\"><p>WERKWOCHE \u2013 das hei\u00dft: Besinnliche Tage zum Jahreswechsel, Zeit f\u00fcr Gespr\u00e4che, Zeit zum Nachdenken, gemeinsame Tage mit Spiel, Spa\u00df, Ruhe, &#8230;<\/p>\n<\/div>\n              <\/div>\n            <\/a>\n          <\/li>\n        \n          <li class=\"news-tile\">\n            <a href=\"https:\/\/kljb-holstein.de\/2022-1\/2022\/09\/26\/jugendkellers-im-kljb-doerp-feierlich-eingeweiht\/\">\n              <div class=\"image\"><img loading=\"lazy\" decoding=\"async\" width=\"570\" height=\"390\" src=\"https:\/\/kljb-holstein.de\/2022-1\/wp-content\/uploads\/2022\/09\/CNS_6996-570x390.jpg\" class=\"attachment-news_teaser size-news_teaser wp-post-image\" alt=\"\" \/><\/div>\n              <div class=\"text\">\n                <div class=\"post-date\">26. September 2022<\/div>\n                <h3>Jugendkellers im KLJB D\u00f6rp feierlich eingeweiht<\/h3>\n                <div class=\"excerpt\"><p>Anfang September war es endlich so weit: Die viele Arbeit hat sich gelohnt und wir konnten den Jugendkeller in Pl\u00f6n &#8230;<\/p>\n<\/div>\n              <\/div>\n            <\/a>\n          <\/li>\n        \n          <li class=\"news-tile\">\n            <a href=\"https:\/\/kljb-holstein.de\/2022-1\/2022\/05\/31\/mitgliedervollversammlung-2022-und-neuer-vorstand\/\">\n              <div class=\"image\"><img loading=\"lazy\" decoding=\"async\" width=\"570\" height=\"390\" src=\"https:\/\/kljb-holstein.de\/2022-1\/wp-content\/uploads\/2022\/05\/Vorstand-2022_edit-570x390.jpg\" class=\"attachment-news_teaser size-news_teaser wp-post-image\" alt=\"\" \/><\/div>\n              <div class=\"text\">\n                <div class=\"post-date\">31. Mai 2022<\/div>\n                <h3>Mitgliedervollversammlung 2022 und neuer Vorstand<\/h3>\n                <div class=\"excerpt\"><p>Der neue Vorstand 2022: Herzlich Willkommen Paul bei uns im Vorstand! Au\u00dferdem freuen wir uns auf Consti als beratendes Mitglied! &#8230;<\/p>\n<\/div>\n              <\/div>\n            <\/a>\n          <\/li>\n        \n          <li class=\"news-tile\">\n            <a href=\"https:\/\/kljb-holstein.de\/2022-1\/2022\/04\/01\/kljb-bundestreffen-in-hausach\/\">\n              <div class=\"image\"><img loading=\"lazy\" decoding=\"async\" width=\"570\" height=\"390\" src=\"https:\/\/kljb-holstein.de\/2022-1\/wp-content\/uploads\/2022\/04\/BT-Verlaengerung-Rabatt-Facebook-2-570x390.png\" class=\"attachment-news_teaser size-news_teaser wp-post-image\" alt=\"\" \/><\/div>\n              <div class=\"text\">\n                <div class=\"post-date\">1. April 2022<\/div>\n                <h3>KLJB Bundestreffen in Hausach<\/h3>\n                <div class=\"excerpt\"><p>Das Bundestreffen findet alle vier Jahre statt. Vom 04. bis zum 07. August 2022 ist es wieder so weit: An &#8230;<\/p>\n<\/div>\n              <\/div>\n            <\/a>\n          <\/li>\n        \n          <li class=\"news-tile\">\n            <a href=\"https:\/\/kljb-holstein.de\/2022-1\/2022\/03\/21\/11454\/\">\n              <div class=\"image\"><img loading=\"lazy\" decoding=\"async\" width=\"570\" height=\"390\" src=\"https:\/\/kljb-holstein.de\/2022-1\/wp-content\/uploads\/2022\/03\/Einladung-MVV22_crop-570x390.png\" class=\"attachment-news_teaser size-news_teaser wp-post-image\" alt=\"\" \/><\/div>\n              <div class=\"text\">\n                <div class=\"post-date\">21. M\u00e4rz 2022<\/div>\n                <h3>4 Fliegen &#8211; Ein Wochenende!<\/h3>\n                <div class=\"excerpt\"><p>Abgelaufene Juleica? &#8211; Kennt man Vakante Position im Vorstand? &#8211; Hmm Jahrelang schon kein Update mehr in Sachen Pr\u00e4vo gehabt? &#8230;<\/p>\n<\/div>\n              <\/div>\n            <\/a>\n          <\/li>\n        \n          <li class=\"news-tile\">\n            <a href=\"https:\/\/kljb-holstein.de\/2022-1\/2022\/03\/01\/aufruf-hilfsmittel-fuer-transport-in-die-ukraine\/\">\n              <div class=\"image\"><img loading=\"lazy\" decoding=\"async\" width=\"570\" height=\"390\" src=\"https:\/\/kljb-holstein.de\/2022-1\/wp-content\/uploads\/2022\/03\/Ukraine_Solidaritaet_KLJB-570x390.jpg\" class=\"attachment-news_teaser size-news_teaser wp-post-image\" alt=\"\" \/><\/div>\n              <div class=\"text\">\n                <div class=\"post-date\">1. M\u00e4rz 2022<\/div>\n                <h3>Aufruf Hilfsmittel f\u00fcr Transport in die Ukraine<\/h3>\n                <div class=\"excerpt\"><p>Am Freitag 04.03.22 fahren wir mit dem Boxer Matratzen, Handt\u00fccher und weiteres nach Schwerin, zum Weitertransport in die Ukraine. Es &#8230;<\/p>\n<\/div>\n              <\/div>\n            <\/a>\n          <\/li>\n        \n          <li class=\"news-tile\">\n            <a href=\"https:\/\/kljb-holstein.de\/2022-1\/2022\/01\/18\/jahresplanung\/\">\n              <div class=\"image\"><img loading=\"lazy\" decoding=\"async\" width=\"570\" height=\"390\" src=\"https:\/\/kljb-holstein.de\/2022-1\/wp-content\/uploads\/2022\/03\/Jahresplanung-570x390.png\" class=\"attachment-news_teaser size-news_teaser wp-post-image\" alt=\"\" \/><\/div>\n              <div class=\"text\">\n                <div class=\"post-date\">18. Januar 2022<\/div>\n                <h3>Jahresplanung<\/h3>\n                <div class=\"excerpt\"><p>Die Jahresplanung 2022 ist online! Schaut mal rein: https:\/\/kljb-holstein.de\/2022-1\/wp-content\/uploadswp-content\/uploads\/termine\/ Au\u00dferdem k\u00f6nnt ihr euch jetzt bequem online anmelden! &nbsp;<\/p>\n<\/div>\n              <\/div>\n            <\/a>\n          <\/li>\n        \n      <\/ul>\n  \t<\/div>\n\t\n\t\n\t\n<\/div><\/div>\n<\/div>","protected":false},"excerpt":{"rendered":"","protected":false},"author":2,"featured_media":11475,"parent":0,"menu_order":2,"comment_status":"closed","ping_status":"closed","template":"","meta":{"footnotes":""},"class_list":["post-428","page","type-page","status-publish","has-post-thumbnail","hentry"],"_links":{"self":[{"href":"https:\/\/kljb-holstein.de\/2022-1\/wp-json\/wp\/v2\/pages\/428","targetHints":{"allow":["GET"]}}],"collection":[{"href":"https:\/\/kljb-holstein.de\/2022-1\/wp-json\/wp\/v2\/pages"}],"about":[{"href":"https:\/\/kljb-holstein.de\/2022-1\/wp-json\/wp\/v2\/types\/page"}],"author":[{"embeddable":true,"href":"https:\/\/kljb-holstein.de\/2022-1\/wp-json\/wp\/v2\/users\/2"}],"replies":[{"embeddable":true,"href":"https:\/\/kljb-holstein.de\/2022-1\/wp-json\/wp\/v2\/comments?post=428"}],"version-history":[{"count":6,"href":"https:\/\/kljb-holstein.de\/2022-1\/wp-json\/wp\/v2\/pages\/428\/revisions"}],"predecessor-version":[{"id":11476,"href":"https:\/\/kljb-holstein.de\/2022-1\/wp-json\/wp\/v2\/pages\/428\/revisions\/11476"}],"wp:featuredmedia":[{"embeddable":true,"href":"https:\/\/kljb-holstein.de\/2022-1\/wp-json\/wp\/v2\/media\/11475"}],"wp:attachment":[{"href":"https:\/\/kljb-holstein.de\/2022-1\/wp-json\/wp\/v2\/media?parent=428"}],"curies":[{"name":"wp","href":"https:\/\/api.w.org\/{rel}","templated":true}]}}